{"id":569,"date":"2013-04-29T12:42:01","date_gmt":"2013-04-29T12:42:01","guid":{"rendered":"http:\/\/daslutas.wordpress.com\/?page_id=1"},"modified":"2013-04-29T12:42:01","modified_gmt":"2013-04-29T12:42:01","slug":"sobre","status":"publish","type":"page","link":"https:\/\/daslutas.noblogs.org\/?page_id=569","title":{"rendered":"O que somos (sobre o coletivo)"},"content":{"rendered":"<p>Das Lutas de resist\u00eancia dos povos das cidades, do campo, das florestas e das \u00e1guas surge este coletivo.<\/p>\n<p><span style=\"font-style:inherit;line-height:1.625\">Nos posicionamos abertamente <\/span><span style=\"font-style:inherit;line-height:1.625\">por lutas e ferramentas de resist\u00eancia e autodetermina\u00e7\u00e3o: somos pr\u00f3 lutas antirracistas e a\u00e7\u00f5es afirmativas, pr\u00f3 lutas LGBTT<\/span><span style=\"font-style:inherit;line-height:1.625\">, pr\u00f3 lutas dos moradores das favelas, pelo amplo direito \u00e0 cidade, por projetos e experi\u00eancias de autogest\u00e3o, organiza\u00e7\u00e3o e administra\u00e7\u00e3o anti autorit\u00e1ria. <\/span><\/p>\n<p>Entre n\u00f3s, h\u00e1 ra\u00edzes, experi\u00eancias e cora\u00e7\u00f5es de diferentes cidades e regi\u00f5es\u00a0Brasil afora e adentro, mas estamos fisicamente baseados na cidade do Rio de Janeiro. \u00c9 poss\u00edvel que as lutas que ocorrem na metr\u00f3pole fluminense recebam um volume maior de informa\u00e7\u00f5es, uma vez que o grupo participa mais intensamente delas em seu dia a dia. Contudo, desejamos compartilhar aqui tamb\u00e9m pensamento e informa\u00e7\u00e3o sobre as lutas de outras regi\u00f5es. Ser\u00e3o bem vindas as contribui\u00e7\u00f5es de grupos, redes ou colaboradores individuais interessados em estabelecer parcerias. Nossa inten\u00e7\u00e3o \u00e9 que isso se traduza ao longo do tempo por trabalhos conjuntos, apoio m\u00fatuo de divulga\u00e7\u00e3o, rede de informa\u00e7\u00e3o, agendas comuns etc.<\/p>\n","protected":false},"excerpt":{"rendered":"<p>Das Lutas de resist\u00eancia dos povos das cidades, do campo, das florestas e das \u00e1guas surge este coletivo. Nos posicionamos abertamente por lutas e ferramentas de resist\u00eancia e autodetermina\u00e7\u00e3o: somos pr\u00f3 lutas antirracistas e a\u00e7\u00f5es afirmativas, pr\u00f3 lutas LGBTT, pr\u00f3 lutas dos moradores das favelas, pelo amplo direito \u00e0 cidade, por projetos e experi\u00eancias de [&hellip;]<\/p>\n","protected":false},"author":7757,"featured_media":0,"parent":0,"menu_order":0,"comment_status":"open","ping_status":"open","template":"","meta":{"footnotes":""},"class_list":["post-569","page","type-page","status-publish","hentry"],"_links":{"self":[{"href":"https:\/\/daslutas.noblogs.org\/index.php?rest_route=\/wp\/v2\/pages\/569","targetHints":{"allow":["GET"]}}],"collection":[{"href":"https:\/\/daslutas.noblogs.org\/index.php?rest_route=\/wp\/v2\/pages"}],"about":[{"href":"https:\/\/daslutas.noblogs.org\/index.php?rest_route=\/wp\/v2\/types\/page"}],"author":[{"embeddable":true,"href":"https:\/\/daslutas.noblogs.org\/index.php?rest_route=\/wp\/v2\/users\/7757"}],"replies":[{"embeddable":true,"href":"https:\/\/daslutas.noblogs.org\/index.php?rest_route=%2Fwp%2Fv2%2Fcomments&post=569"}],"version-history":[{"count":0,"href":"https:\/\/daslutas.noblogs.org\/index.php?rest_route=\/wp\/v2\/pages\/569\/revisions"}],"wp:attachment":[{"href":"https:\/\/daslutas.noblogs.org\/index.php?rest_route=%2Fwp%2Fv2%2Fmedia&parent=569"}],"curies":[{"name":"wp","href":"https:\/\/api.w.org\/{rel}","templated":true}]}}